?
73
Calculate the remainder when 143 is divided by 34.
7
Calculate the remainder when 2163 is divided by 19.
16
What is the remainder when 4557 is divided by 30?
27
Calculate the remainder when 1580 is divided by 29.
14
What is the remainder when 116 is divided by 17?
14
Calculate the remainder when 5502 is divided by 27.
21
What is the remainder when 967 is divided by 73?
18
What is the remainder when 1370 is divided by 53?
45
Calculate the remainder when 2328 is divided by 11.
7
Calculate the remainder when 51 is divided by 40.
11
Calculate the remainder when 167 is divided by 61.
45
What is the remainder when 1464 is divided by 16?
8
What is the remainder when 1784 is divided by 163?
154
Calculate the remainder when 78 is divided by 23.
9
Calculate the remainder when 882 is divided by 183.
150
What is the remainder when 45 is divided by 7?
3
What is the remainder when 46 is divided by 16?
14
What is the remainder when 85915 is divided by 47?
46
What is the remainder when 32 is divided by 12?
8
Calculate the remainder when 168 is divided by 5.
3
What is the remainder when 2601 is divided by 2586?
15
What is the remainder when 52 is divided by 5?
2
Calculate the remainder when 55 is divided by 8.
7
Calculate the remainder when 11141 is divided by 6.
5
Calculate the remainder when 8541 is divided by 62.
47
Calculate the remainder when 4724 is divided by 35.
34
What is the remainder when 202 is divided by 95?
12
Calculate the remainder when 47 is divided by 5.
2
What is the remainder when 1394 is divided by 9?
8
Calculate the remainder when 230 is divided by 13.
9
What is the remainder when 196 is divided by 21?
7
Calculate the remainder when 307 is divided by 18.
1
What is the remainder when 1961 is divided by 24?
17
Calculate the remainder when 41 is divided by 1.
0
What is the remainder when 5440 is divided by 774?
22
Calculate the remainder when 921 is divided by 84.
81
Calculate the remainder when 1516 is divided by 37.
36
What is the remainder when 152 is divided by 53?
46
What is the remainder when 1618 is divided by 30?
28
What is the remainder when 259 is divided by 9?
7
Calculate the remainder when 35 is divided by 28.
7
What is the remainder when 757 is divided by 111?
91
What is the remainder when 201 is divided by 34?
31
Calculate the remainder when 184 is divided by 48.
40
Calculate the remainder when 568 is divided by 62.
10
What is the remainder when 1467 is divided by 50?
17
Calculate the remainder when 1263 is divided by 45.
3
Calculate the remainder when 1331 is divided by 18.
17
Calculate the remainder when 754 is divided by 40.
34
Calculate the remainder when 8718 is divided by 80.
78
What is the remainder when 1091 is divided by 369?
353
Calculate the remainder when 47319 is divided by 140.
139
What is the remainder when 75 is divided by 5?
0
What is the remainder when 391 is divided by 54?
13
What is the remainder when 243 is divided by 7?
5
What is the remainder when 165 is divided by 46?
27
Calculate the remainder when 515 is divided by 56.
11
What is the remainder when 1172 is divided by 59?
51
What is the remainder when 25 is divided by 4?
1
Calculate the remainder when 284 is divided by 125.
34
What is the remainder when 434 is divided by 33?
5
Calculate the remainder when 2835 is divided by 86.
83
What is the remainder when 301 is divided by 61?
57
Calculate the remainder when 389 is divided by 69.
44
Calculate the remainder when 213 is divided by 17.
9
What is the remainder when 43469 is divided by 13?
10
What is the remainder when 119 is divided by 86?
33
What is the remainder when 838 is divided by 259?
61
What is the remainder when 482 is divided by 21?
20
What is the remainder when 121 is divided by 45?
31
What is the remainder when 25 is divided by 11?
3
Calculate the remainder when 1848 is divided by 307.
6
What is the remainder when 329 is divided by 319?
10
What is the remainder when 2638 is divided by 220?
218
Calculate the remainder when 361 is divided by 17.
4
Calculate the remainder when 1000 is divided by 59.
56
What is the remainder when 242 is divided by 85?
72
Calculate the remainder when 240 is divided by 189.
51
What is the remainder when 160 is divided by 9?
7
Calculate the remainder when 1425 is divided by 58.
33
Calculate the remainder when 2455 is divided by 15.
10
Calculate the remainder when 278 is divided by 57.
50
What is the remainder when 2805 is divided by 52?
49
What is the remainder when 2656 is divided by 142?
100
What is the remainder when 1229 is divided by 1212?
17
What is the remainder when 55 is divided by 28?
27
What is the remainder when 792 is divided by 98?
8
Calculate the remainder when 80 is divided by 24.
8
What is the remainder when 1048 is divided by 30?
28
What is the remainder when 431 is divided by 54?
53
Calculate the remainder when 2678 is divided by 1321.
36
What is the remainder when 3130 is divided by 287?
260
Calculate the remainder when 53 is divided by 9.
8
Calculate the remainder when 25 is divided by 7.
4
Calculate the remainder when 783 is divided by 110.
13
Calculate the remainder when 135 is divided by 44.
3
Calculate the remainder when 1325 is divided by 173.
114
Calculate the remainder when 594 is divided by 36.
18
Calculate the remainder when 1680 is divided by 58.
56
What is the remainder when 454 is divided by 28?
6
What is the remainder when 79 is divided by 2?
1
Calculate the remainder when 402 is divided by 27.
24
What is the remainder when 162 is divided by 17?
9
Calculate the remainder when 12 is divided by 9.
3
Calculate the remainder when 22 is divided by 12.
10
What is the remainder when 7269 is divided by 214?
207
Calculate the remainder when 116 is divided by 16.
4
Calculate the remainder when 866 is divided by 11.
8
Calculate the remainder when 539 is divided by 121.
55
What is the remainder when 2148 is divided by 5?
3
Calculate the remainder when 94 is divided by 7.
3
What is the remainder when 68 is divided by 50?
18
Calculate the remainder when 802 is divided by 13.
9
What is the remainder when 387 is divided by 99?
90
What is the remainder when 75 is divided by 22?
9
Calculate the remainder when 211 is divided by 17.
7
What is the remainder when 282 is divided by 16?
10
What is the remainder when 1000 is divided by 218?
128
What is the remainder when 46 is divided by 16?
14
What is the remainder when 439 is divided by 8?
7
Calculate the remainder when 549 is divided by 43.
33
Calculate the remainder when 1925 is divided by 107.
106
Calculate the remainder when 178 is divided by 14.
10
Calculate the remainder when 2346 is divided by 87.
84
What is the remainder when 18 is divided by 4?
2
What is the remainder when 216 is divided by 84?
48
Calculate the remainder when 45 is divided by 27.
18
Calculate the remainder when 91 is divided by 32.
27
Calculate the remainder when 430 is divided by 16.
14
What is the remainder when 47 is divided by 26?
21
What is the remainder when 698 is divided by 54?
50
Calculate the remainder when 99 is divided by 23.
7
Calculate the remainder when 70 is divided by 19.
13
What is the remainder when 51 is divided by 37?
14
What is the remainder when 215 is divided by 6?
5
Calculate the remainder when 334 is divided by 28.
26
Calculate the remainder when 29297 is divided by 50.
47
What is the remainder when 409 is divided by 85?
69
Calculate the remainder when 37 is divided by 21.
16
Calculate the remainder when 50 is divided by 37.
13
Calculate the remainder when 297 is divided by 25.
22
What is the remainder when 3594 is divided by 125?
94
What is the remainder when 21892 is divided by 7296?
4
Calculate the remainder when 1371 is divided by 192.
27
What is the remainder when 143 is divided by 76?
67
Calculate the remainder when 5875 is divided by 294.
289
What is the remainder when 246 is divided by 50?
46
What is the remainder when 149 is divided by 10?
9
What is the remainder when 24224 is divided by 17?
16
What is the remainder when 345 is divided by 43?
1
Calculate the remainder when 878 is divided by 20.
18
What is the remainder when 42 is divided by 23?
19
Calculate the remainder when 3665 is divided by 7.
4
Calculate the remainder when 495 is divided by 20.
15
Calculate the remainder when 456 i